What are the prime factors of 1123697?
223, 5039
List the prime factors of 95810.
2, 5, 11, 13, 67
What are the prime factors of 1632940?
2, 5, 81647
What are the prime factors of 3982563?
3, 13, 34039
List the prime factors of 402911.
59, 6829
What are the prime factors of 3170681?
3170681
List the prime factors of 1095697.
23, 47639
List the prime factors of 1211256.
2, 3, 16823
What are the prime factors of 2333492?
2, 7, 83339
List the prime factors of 1174331.
1174331
What are the prime factors of 12634?
2, 6317
List the prime factors of 7659460.
2, 5, 23, 16651
What are the prime factors of 483639?
3, 13, 12401
List the prime factors of 65169.
3, 13, 557
What are the prime factors of 806030?
2, 5, 80603
What are the prime factors of 7570401?
3, 1279, 1973
What are the prime factors of 897009?
3, 19, 15737
List the prime factors of 699404.
2, 174851
List the prime factors of 2026878.
2, 3, 7, 48259
List the prime factors of 3974173.
7, 19, 29881
List the prime factors of 167923.
7, 23, 149
What are the prime factors of 23363?
61, 383
What are the prime factors of 956901?
3, 11, 107, 271
List the prime factors of 437991.
3, 83, 1759
What are the prime factors of 4765569?
3, 1588523
List the prime factors of 450020.
2, 5, 22501
List the prime factors of 399455.
5, 7, 101, 113
List the prime factors of 6844565.
5, 7, 13, 307
What are the prime factors of 490216?
2, 29, 2113
List the prime factors of 202488.
2, 3, 11, 13, 59
What are the prime factors of 420863?
271, 1553
What are the prime factors of 204333?
3, 68111
What are the prime factors of 1957588?
2, 31, 15787
What are the prime factors of 952296?
2, 3, 39679
What are the prime factors of 4587759?
3, 11, 19, 271
What are the prime factors of 987911?
987911
What are the prime factors of 7566733?
1879, 4027
List the prime factors of 7168472.
2, 19, 47161
What are the prime factors of 5462163?
3, 7, 277, 313
List the prime factors of 2622728.
2, 137, 2393
What are the prime factors of 23042976?
2, 3, 11, 21821
What are the prime factors of 21521088?
2, 3, 37363
What are the prime factors of 22342250?
2, 5, 7, 17, 751
What are the prime factors of 1358690?
2, 5, 19, 7151
List the prime factors of 1005832.
2, 59, 2131
List the prime factors of 589973.
23, 113, 227
List the prime factors of 133766.
2, 66883
List the prime factors of 847819.
7, 31, 3907
List the prime factors of 1270374.
2, 3, 7, 29, 149
List the prime factors of 451173.
3, 59, 2549
What are the prime factors of 199181?
199181
List the prime factors of 9162.
2, 3, 509
List the prime factors of 499433.
11, 45403
What are the prime factors of 244964?
2, 47, 1303
List the prime factors of 302180.
2, 5, 29, 521
What are the prime factors of 135129?
3, 31, 1453
List the prime factors of 3441779.
11, 139, 2251
What are the prime factors of 7181231?
7181231
List the prime factors of 115504.
2, 7219
What are the prime factors of 748130?
2, 5, 79, 947
List the prime factors of 3206950.
2, 5, 31, 2069
What are the prime factors of 188417?
188417
List the prime factors of 5543775.
3, 5, 43, 191
List the prime factors of 22779871.
293, 77747
List the prime factors of 652078.
2, 7, 47, 991
What are the prime factors of 19753058?
2, 13, 58441
List the prime factors of 4944543.
3, 1648181
List the prime factors of 14878273.
19, 47, 16661
List the prime factors of 1955876.
2, 13, 29, 1297
List the prime factors of 201636.
2, 3, 1867
What are the prime factors of 482369?
37, 13037
List the prime factors of 311822.
2, 7, 22273
What are the prime factors of 6397571?
6397571
List the prime factors of 415845.
3, 5, 9241
List the prime factors of 645836.
2, 161459
List the prime factors of 11992471.
311, 38561
List the prime factors of 2129477.
7, 304211
What are the prime factors of 1032084?
2, 3, 28669
What are the prime factors of 11920978?
2, 17, 350617
What are the prime factors of 1507034?
2, 31, 109, 223
List the prime factors of 90699.
3, 7, 617
List the prime factors of 4000937.
4000937
What are the prime factors of 369762?
2, 3, 61627
List the prime factors of 5449854.
2, 3, 29, 31321
List the prime factors of 6320094.
2, 3, 11, 31, 3089
List the prime factors of 1323576.
2, 3, 31, 593
List the prime factors of 7560158.
2, 3780079
What are the prime factors of 6078699?
3, 11, 97, 211
What are the prime factors of 90264?
2, 3, 3761
List the prime factors of 275485.
5, 7, 17, 463
What are the prime factors of 23223362?
2, 11611681
List the prime factors of 249006.
2, 3, 47, 883
List the prime factors of 87452.
2, 21863
List the prime factors of 1980497.
29, 31, 2203
What are the prime factors of 15955751?
7, 2279393
List the prime factors of 7656447.
3, 23, 37, 2999
What are the prime factors of 2442593?
2442593
List the prime factors of 2662602.
2, 3, 73, 6079
List the prime factors of 139654.
2, 69827
List the prime factors of 334551.
3, 7, 89, 179
What are the prime factors of 766430?
2, 5, 7, 10949
List the prime factors of 355808.
2, 11119
What are the prime factors of 190576?
2, 43, 277
What are the prime factors of 101878?
2, 7, 19, 383
What are the prime factors of 1788094?
2, 7, 11, 17, 683
List the prime factors of 429870.
2, 3, 5, 7, 23, 89
What are the prime factors of 934331?
83, 11257
List the prime factors of 8522476.
2, 2130619
List the prime factors of 1694381.
13, 130337
What are the prime factors of 4468494?
2, 3, 29, 61, 421
List the prime factors of 5863212.
2, 3, 233
What are the prime factors of 4281509?
1187, 3607
What are the prime factors of 132947?
132947
List the prime factors of 273309.
3, 17, 23, 233
What are the prime factors of 4080742?
2, 109, 18719
What are the prime factors of 3570939?
3, 132257
What are the prime factors of 117959?
117959
List the prime factors of 365300.
2, 5, 13, 281
List the prime factors of 195727.
7, 27961
List the prime factors of 2049097.
37, 55381
List the prime factors of 1644375.
3, 5, 877
List the prime factors of 1172369.
11, 9689
What are the prime factors of 236314?
2, 13, 61, 149
What are the prime factors of 970105?
5, 17, 101, 113
What are the prime factors of 1079901?
3, 97, 1237
What are the prime factors of 97156?
2, 107, 227
What are the prime factors of 921781?
7, 37, 3559
List the prime factors of 6084433.
307, 19819
List the prime factors of 25794447.
3, 7, 307, 4001
List the prime factors of 7207655.
5, 7, 13, 31, 73
List the prime factors of 195364.
2, 13, 17
List the prime factors of 3151522.
2, 11, 31, 4621
What are the prime factors of 244851?
3, 17, 4801
What are the prime factors of 11582824?
2, 11, 43, 3061
List the prime factors of 4187060.
2, 5, 209353
List the prime factors of 198988.
2, 49747
List the prime factors of 246244.
2, 61561
List the prime factors of 5988089.
859, 6971
List the prime factors of 257276.
2, 64319
What are the prime factors of 22253489?
23, 43, 22501
What are the prime factors of 5366650?
2, 5, 181, 593
What are the prime factors of 871516?
2, 23, 9473
What are the prime factors of 860121?
3, 95569
What are the prime factors of 255406?
2, 127703
What are the prime factors of 5743265?
5, 11, 863
List the prime factors of 10544828.
2, 7, 17, 22153
List the prime factors of 136446.
2, 3, 22741
What are the prime factors of 545916?
2, 3, 7, 67, 97
What are the prime factors of 4076976?
2, 3, 157, 541
List the prime factors of 1694051.
1694051
What are the prime factors of 202999?
202999
What are the prime factors of 417138?
2, 3, 37, 1879
What are the prime factors of 1390076?
2, 347519
List the prime factors of 4048188.
2, 3, 337349
What are the prime factors of 7033272?
2, 3, 59, 4967
List the prime factors of 27563597.
27563597
List the prime factors of 34305.
3, 5, 2287
List the prime factors of 482487.
3, 160829
List the prime factors of 877618.
2, 7, 62687
What are the prime factors of 345655?
5, 73, 947
List the prime factors of 95187.
3, 31729
What are the prime factors of 4670835?
3, 5, 13, 17, 1409
List the prime factors of 4789312.
2, 11, 6803
What are the prime factors of 927705?
3, 5, 23, 2689
List the prime factors of 3764812.
2, 19, 49537
What are the prime factors of 1476700?
2, 5, 14767
List the prime factors of 282199.
29, 37, 263
What are the prime factors of 109329?
3, 11, 3313
What are the prime factors o